{"id":67,"date":"2026-02-27T15:20:34","date_gmt":"2026-02-27T15:20:34","guid":{"rendered":"https:\/\/www.lirequeer.ca\/?page_id=67"},"modified":"2026-03-07T17:10:30","modified_gmt":"2026-03-07T17:10:30","slug":"les-passions-du-samedi","status":"publish","type":"page","link":"https:\/\/www.lirequeer.ca\/?page_id=67","title":{"rendered":"Les passions du samedi"},"content":{"rendered":"\n<div class=\"wp-block-media-text is-stacked-on-mobile\"><figure class=\"wp-block-media-text__media\"><img decoding=\"async\" src=\"http:\/\/www.lirequeer.ca\/wp-content\/uploads\/2026\/03\/05-19-1.png\" alt=\"\" class=\"wp-image-149 size-full\"\/><\/figure><div class=\"wp-block-media-text__content\">\n<p>TITRE : <em><a href=\"https:\/\/lesherbesrouges.com\/toutes-les-collections\/poesie\/les-passions-du-samedi\/\">Les passions du samedi<\/a><\/em> de <strong>Andr\u00e9 Roy<\/strong> (Les Herbes Rouges, 1979)<\/p>\n\n\n\n<p>CLUB DE LECTURE : <a href=\"https:\/\/www.instagram.com\/mespantsdequeer\/\">Mes pants de queer<\/a><\/p>\n\n\n\n<p>DATE\/HEURE : le mardi 19 mai, de 19 h \u00e0 20 h 30<\/p>\n\n\n\n<p>LIEU : Mes pants de queer (2025, rue Parthenais, suite 241)<\/p>\n\n\n\n<p>ANIMATION : Antoine et Dustin<\/p>\n\n\n\n<p>NOMBRE MAXIMAL DE PARTICIPANT\u00b7ES : Pas de maximum<\/p>\n\n\n\n<p>INSCRIPTION : Pas d&#8217;inscription<\/p>\n\n\n\n<p>LANGUE : Le livre et l\u2019animation sont en fran\u00e7ais, mais toustes peuvent participer<\/p>\n\n\n\n<p>R\u00c8GLES : Pas des r\u00e9gles<\/p>\n\n\n\n<p>AUTRES D\u00c9TAILS : Ce titre est presque \u00e9puis\u00e9, mais Mes Pants de Queer ont encore quelques exemplaires \u00e0 vendre. <a href=\"https:\/\/www.instagram.com\/mespantsdequeer\/\">Contactez-les directement.<\/a><\/p>\n<\/div><\/div>\n\n\n\n<h2 class=\"wp-block-heading\">\u00c0 PROPOS DU LIVRE :<\/h2>\n\n\n\n<p>Finaliste, prix \u00c9mile-Nelligan, 1979<br>Finaliste, Prix litt\u00e9raires du Gouverneur g\u00e9n\u00e9ral, 1979<\/p>\n\n\n\n<p>Les po\u00e8mes de ce recueil sont une chronique de l\u2019individu pris dans la r\u00e9alit\u00e9 de la ville et des passions modernes. Une nouvelle conduite amoureuse est \u00e9labor\u00e9e \u00e0 partir des petits faits quotidiens, \u00e0 la fois vulgaires et d\u00e9mesur\u00e9s, o\u00f9 chaque geste devient une question de style et de morale. \u00abLes passions du samedi est le recueil le plus remarquable de la production po\u00e9tique de 1979\u00bb (University of Toronto Quarterly, \u00e9t\u00e9 1980).<\/p>\n\n\n\n<h2 class=\"wp-block-heading\">\u00c0 PROPOS DE CLUB DE LECTURE :<\/h2>\n\n\n\n<p><strong>Mes pants de queer<\/strong> est une librairie bilingue de livres usag\u00e9s et auto-\u00e9dit\u00e9s par, pour et \u00e0 propos des communaut\u00e9s LGBTQ2SAI+. Ouvert depuis 2021, Mes pants de queer organisent des \u00e9v\u00e9nements litt\u00e9raires et culturels de toutes sortes passant des soir\u00e9es de projection \u00e0 des exposition d&#8217;arts visuels.&nbsp;<\/p>\n\n\n\n<p><strong>Antoine Vogler <\/strong>est un artiste visuel et photographe qui s&#8217;int\u00e9resse aux cultures LGBTQ2SAI+, \u00e0 ces formes de transmission et \u00e0 l&#8217;imagerie historique associ\u00e9e \u00e0 celle-ci. Il est aussi b\u00e9n\u00e9vole aux Archives gaies du Qu\u00e9bec depuis 2021, et cofondateur de la librairie Mes pants de queer.<\/p>\n\n\n\n<p><\/p>\n","protected":false},"excerpt":{"rendered":"<p>TITRE : Les passions du samedi de Andr\u00e9 Roy (Les Herbes Rouges, 1979) CLUB DE LECTURE : Mes pants de queer DATE\/HEURE : le mardi 19 mai, de 19 h \u00e0 20 h 30 LIEU : Mes pants de queer (2025, rue Parthenais, suite 241) ANIMATION : Antoine et Dustin NOMBRE MAXIMAL DE PARTICIPANT\u00b7ES : [&hellip;]<\/p>\n","protected":false},"author":1,"featured_media":0,"parent":0,"menu_order":0,"comment_status":"closed","ping_status":"closed","template":"","meta":{"footnotes":""},"class_list":["post-67","page","type-page","status-publish","hentry"],"_links":{"self":[{"href":"https:\/\/www.lirequeer.ca\/index.php?rest_route=\/wp\/v2\/pages\/67","targetHints":{"allow":["GET"]}}],"collection":[{"href":"https:\/\/www.lirequeer.ca\/index.php?rest_route=\/wp\/v2\/pages"}],"about":[{"href":"https:\/\/www.lirequeer.ca\/index.php?rest_route=\/wp\/v2\/types\/page"}],"author":[{"embeddable":true,"href":"https:\/\/www.lirequeer.ca\/index.php?rest_route=\/wp\/v2\/users\/1"}],"replies":[{"embeddable":true,"href":"https:\/\/www.lirequeer.ca\/index.php?rest_route=%2Fwp%2Fv2%2Fcomments&post=67"}],"version-history":[{"count":7,"href":"https:\/\/www.lirequeer.ca\/index.php?rest_route=\/wp\/v2\/pages\/67\/revisions"}],"predecessor-version":[{"id":280,"href":"https:\/\/www.lirequeer.ca\/index.php?rest_route=\/wp\/v2\/pages\/67\/revisions\/280"}],"wp:attachment":[{"href":"https:\/\/www.lirequeer.ca\/index.php?rest_route=%2Fwp%2Fv2%2Fmedia&parent=67"}],"curies":[{"name":"wp","href":"https:\/\/api.w.org\/{rel}","templated":true}]}}